
What is the hundred thousands digit of 41629234?
6
What is the tens digit of 21209615?
1
What is the hundreds digit of 20444960?
9
What is the ten millions digit of 1848054966?
4
What is the ten thousands digit of 17030500?
3
What is the ten millions digit of 16706956?
1
What is the thousands digit of 8186407?
6
What is the billions digit of 1582864312?
1
What is the ten thousands digit of 9922277?
2
What is the millions digit of 116214118?
6
What is the ten millions digit of 1765609571?
6
What is the thousands digit of 25755743?
5
What is the billions digit of 1905105227?
1
What is the thousands digit of 8164244086?
4
What is the units digit of 4158484018?
8
What is the ten millions digit of 467703660?
6
What is the units digit of 15440265?
5
What is the hundreds digit of 35419993?
9
What is the hundred thousands digit of 16698573?
6
What is the ten thousands digit of 62209171?
0
What is the millions digit of 108726212?
8
What is the tens digit of 343387014?
1
What is the hundreds digit of 224255508?
5
What is the thousands digit of 12548755?
8
What is the ten millions digit of 115537771?
1
What is the hundred millions digit of 367868267?
3
What is the millions digit of 105947704?
5
What is the hundreds digit of 26801467?
4
What is the units digit of 281662808?
8
What is the ten millions digit of 318116432?
1
What is the ten millions digit of 810320280?
1
What is the ten thousands digit of 531657090?
5
What is the tens digit of 447251349?
4
What is the thousands digit of 73865232?
5
What is the tens digit of 139469937?
3
What is the ten thousands digit of 56760063?
6
What is the thousands digit of 6397533256?
3
What is the ten thousands digit of 63332577?
3
What is the ten millions digit of 14143939?
1
What is the ten thousands digit of 56425310?
2
What is the hundreds digit of 461806515?
5
What is the hundred thousands digit of 24445041?
4
What is the millions digit of 196851170?
6
What is the ten thousands digit of 1952908467?
0
What is the thousands digit of 808214693?
4
What is the millions digit of 37796837?
7
What is the ten thousands digit of 213987705?
8
What is the thousands digit of 34703845?
3
What is the hundred millions digit of 577388050?
5
What is the thousands digit of 776047624?
7
What is the hundred thousands digit of 31527348?
5
What is the thousands digit of 438353066?
3
What is the thousands digit of 81540772?
0
What is the hundred thousands digit of 561527124?
5
What is the units digit of 5560312632?
2
What is the ten millions digit of 52549915?
5
What is the thousands digit of 779975575?
5
What is the ten thousands digit of 373089513?
8
What is the hundreds digit of 1320464549?
5
What is the ten millions digit of 63568116?
6
What is the thousands digit of 797813?
7
What is the billions digit of 3086050317?
3
What is the thousands digit of 53240325?
0
What is the billions digit of 5167318831?
5
What is the hundred thousands digit of 3260886039?
8
What is the hundreds digit of 147265558?
5
What is the tens digit of 69096798?
9
What is the ten millions digit of 627228860?
2
What is the thousands digit of 1190756465?
6
What is the units digit of 490222278?
8
What is the hundred thousands digit of 137120671?
1
What is the ten thousands digit of 1211269019?
6
What is the ten millions digit of 42996666?
4
What is the thousands digit of 1558684656?
4
What is the hundred millions digit of 120197387?
1
What is the ten thousands digit of 149008561?
0
What is the thousands digit of 442951328?
1
What is the hundreds digit of 214432340?
3
What is the tens digit of 1304581902?
0
What is the tens digit of 29218360?
6
What is the hundred thousands digit of 289766864?
7
What is the hundred millions digit of 139509616?
1
What is the thousands digit of 17264134?
4
What is the units digit of 3003207?
7
What is the ten millions digit of 21425877?
2
What is the millions digit of 52864433?
2
What is the thousands digit of 420874879?
4
What is the ten thousands digit of 35327754?
2
What is the tens digit of 112537894?
9
What is the millions digit of 48459790?
8
What is the tens digit of 1464377541?
4
What is the tens digit of 2935127823?
2
What is the billions digit of 1602447466?
1
What is the hundreds digit of 18395237?
2
What is the millions digit of 42234607?
2
What is the thousands digit of 62621543?
1
What is the hundreds digit of 46950406?
4
What is the hundred millions digit of 208743970?
2
What is the tens digit of 43552114?
1
What is the thousands digit of 1296589927?
9
What is the tens digit of 33905563?
6
What is the millions digit of 337166326?
7
What is the hundred millions digit of 115538020?
1
What is the billions digit of 1105754729?
1
What is the units digit of 2027416580?
0
What is the hundred millions digit of 980858756?
9
What is the hundred thousands digit of 392993198?
9
What is the ten thousands digit of 599962645?
6
What is the units digit of 3435503233?
3
What is the hundreds digit of 4090336444?
4
What is the units digit of 161911637?
7
What is the hundred thousands digit of 1849934413?
9
What is the thousands digit of 279433374?
3
What is the millions digit of 249652008?
9
What is the hundred thousands digit of 49195002?
1
What is the tens digit of 105504795?
9
What is the hundred thousands digit of 1176104094?
1
What is the thousands digit of 857490893?
0
What is the units digit of 190332340?
0
What is the hundred thousands digit of 1439668826?
6
What is the tens digit of 289289868?
6
What is the thousands digit of 397708317?
8
What is the millions digit of 5403239210?
3
What is the hundred millions digit of 269315949?
2
What is the thousands digit of 139836396?
6
What is the hundred thousands digit of 25571654?
5
What is the tens digit of 127495018?
1
What is the hundreds digit of 1962795982?
9
What is the hundreds digit of 200576263?
2
What is the thousands digit of 94332305?
2
What is the ten millions digit of 323114770?
2
What is the hundred thousands digit of 237558838?
5
What is the millions digit of 532880798?
2
What is the ten millions digit of 3031630948?
3
What is the ten millions digit of 1391015064?
9
What is the units digit of 31273222?
2
What is the hundreds digit of 146659943?
9
What is the hundred thousands digit of 820416704?
4
What is the ten thousands digit of 2101807691?
0
What is the millions digit of 11559183?
1
What is the units digit of 268801245?
5
What is the ten thousands digit of 17772615?
7
What is the hundred millions digit of 2323549521?
3
What is the millions digit of 305791564?
5
What is the thousands digit of 572028575?
8
What is the billions digit of 4177876616?
4
What is the ten thousands digit of 38406994?
0
What is the tens digit of 7599506?
0
What is the hundred thousands digit of 25031902?
0
What is the units digit of 822908978?
8
What is the hundred thousands digit of 372446848?
4
What is the millions digit of 6176307642?
6
What is the hundred thousands digit of 4036062?
0
What is the units digit of 46205107?
7
What is the units digit of 1487910059?
9
What is the tens digit of 4999777540?
4
What is the hundreds digit of 298739333?
3
What is the units digit of 301487173?
3
What is the hundreds digit of 64099044?
0
What is the hundred millions digit of 226351346?
2
What is the units digit of 90433101?
1
What is the millions digit of 425902933?
5
What is the hundreds digit of 63491289?
2
What is the tens digit of 1348650318?
1
What is the ten thousands digit of 1900849679?
4
What is the thousands digit of 62262028?
2
What is the hundreds digit of 57115368?
3
What is the hundreds digit of 219175377?
3
What is the thousands digit of 1345643870?
3
What is the units digit of 938168431?
1
What is the units digit of 311580848?
8
What is the thousands digit of 106727405?
7
What is the tens digit of 1688373858?
5
What is the ten millions digit of 112678488?
1
What is the ten thousands digit of 56327310?
2
What is the millions digit of 48119391?
8
What is the units digit of 243601697?
7
What is the ten millions digit of 73128824?
7
What is the hundred thousands digit of 270876872?
8
What is the units digit of 111675236?
6
What is the tens digit of 78274121?
2
What is the hundreds digit of 1455076928?
9
What is the hundreds digit of 2026780117?
1
What is the thousands digit of 11217